t h be 0 + 8/2 + -1. Suppose 3*z + 2 = -i, 12 + 0 = -h*z - 3*i. Calculate the greatest common divisor of z and 5.
1
Suppose -3*d + 3340 = 4*q, -103*d + 99*d - 1648 = -2*q. What is the greatest common divisor of 26 and q?
26
Let l be (-10 - -6) + -1 + 165. Suppose -8*c + 6*c = -l. Calculate the highest common factor of c and 200.
40
Let h = -893 - -933. What is the greatest common factor of h and 630?
10
Suppose -40 = -4*d + 8*d. Let n be d/85 + 860/85. Calculate the greatest common factor of n and 5.
5
Let l = -274 + 288. Let v be (-42)/(-9)*3*1. Calculate the greatest common divisor of v and l.
14
Let v = 0 - -50. Suppose h + v = u, -u + 2*u + 2 = 0. Let j = h - -129. What is the highest common divisor of j and 7?
7
Suppose -197*g = -215*g + 1188. What is the highest common factor of g and 1056?
66
Suppose 0 = -g + 5*y + 4 + 2, 4*g + 5*y = 24. Let a be 3 + -2 - (0 - 122). Suppose a = 3*u - 39. Calculate the highest common factor of u and g.
6
Let d be (-1)/(3/9) - (-1 - 107). Calculate the greatest common factor of 77 and d.
7
Suppose -3*u = -6*u + 42. Suppose 0 = -w + 4*b, 0*w - u = -3*w + 5*b. Calculate the greatest common divisor of w and 4.
4
Let f be (-5)/(140/48)*(-14 - 0). Let m be f/(-30)*-5 + 4. What is the greatest common factor of m and 104?
8
Suppose 0 = -2*m + 7 + 7. Suppose -30 = -2*o + 4*k, -5*o + 2*k = m*k - 150. Calculate the greatest common factor of o and 10.
5
Suppose 240 = -0*h + h. Let m = 41 + -11. What is the greatest common divisor of m and h?
30
Suppose -10 = 5*l, 4*l - 128 = -7*c + 3*c. Calculate the greatest common factor of 595 and c.
17
Let k = -17 - -20. Suppose 20 = 2*d - k*s - 0*s, s - 10 = -d. Let q = 5 - 3. What is the highest common divisor of d and q?
2
Suppose -3*h = -5*h + 2*r + 108, 4*r = h - 60. Calculate the highest common divisor of 338 and h.
26
Let i = -180 - -321. What is the highest common factor of i and 94?
47
Let k = -169 + 179. Calculate the highest common divisor of k and 25.
5
Let d(h) = -2 - 26*h + 3*h + 2. Let o be d(-10). Let r = 21 - -2. What is the highest common divisor of o and r?
23
Let q(a) = -142*a - 22. Let k be q(-1). Calculate the highest common factor of 165 and k.
15
Suppose -3*q + 6 = -q. Let w = 17 - q. Let c(o) = -o**2 - 9*o - 7. Let p be c(-7). Calculate the greatest common factor of w and p.
7
Let w(p) = p**3 + 5*p**2 + 4*p + 1. Let d be w(-3). Let c = 305 + -298. Calculate the greatest common factor of d and c.
7
Suppose 510 - 3158 = 4*q. Let m be (-1)/(10/q) + (-2)/10. Calculate the greatest common divisor of m and 22.
22
Suppose 2*v + 1075 = 5*s, -3*s + 419 = -s - 3*v. Calculate the greatest common factor of 21 and s.
7
Let v(j) = j**3 + 16*j**2 - j - 14. Let q be v(-16). Suppose b = -a - b + 4, -q*b = 0. What is the highest common factor of 1 and a?
1
Suppose 729 = 4*f - 4*m + 9*m, -f + 5*m + 201 = 0. What is the greatest common divisor of f and 248?
62
Let m(w) = w**2 + 1. Let z = 14 - 11. Let y(o) = -3*o**2 + 2*o + 2. Let k(s) = z*m(s) - y(s). Let v be k(1). Calculate the greatest common factor of 40 and v.
5
Let u = -5 - -16. Suppose 76 = 3*m - 188. Calculate the greatest common divisor of u and m.
11
Let y = 184 + -120. Suppose 2*n + 62 = -3*q + 4*q, y = q - n. What is the greatest common factor of q and 6?
6
Let h(j) = -67*j - 119. Let s be h(-14). Calculate the highest common divisor of 39 and s.
39
Suppose 36*b + 4 = 40*b. Let m be (-1)/(-5) - 6/30. Let v be (-2 - -7) + (m - b). Calculate the greatest common divisor of 8 and v.
4
Let p be (-19 + 1)*(30 + -31). Calculate the highest common factor of 63 and p.
9
Let j = 28 + 308. What is the greatest common divisor of j and 21?
21
Let c(g) be the first derivative of g**3 + 2*g**2 + 6*g - 24. Let f be c(-2). Calculate the greatest common factor of f and 6.
2
Suppose a = -4*q + 3, 7 = 3*a - 4*q - 18. Suppose a*m - 538 - 197 = 0. Calculate the greatest common factor of m and 15.
15
Let b be 103 + (3/(-18) - (-19)/6). What is the highest common factor of b and 1802?
106
Let h(t) = -t**3 + t - 4. Let v be h(0). Let d be -4 + (v - -1) - 1. Let o = 12 + d. What is the highest common factor of o and 12?
4
Suppose -36*m + 6796 + 332 = 0. Calculate the greatest common factor of m and 110.
22
Let i(c) = 4*c**3 - 7*c**3 + 1 + 4*c**3. Let z be i(0). Let j be -14*(z - 12/8). What is the greatest common factor of 35 and j?
7
Suppose 0*q - 5*q = -30. Suppose q*o - 80 = -2*o. Calculate the greatest common factor of 80 and o.
10
Suppose -i + 0*i = 4*s - 3, -3*i = 4*s - 1. Suppose 11 = 3*k - 2*m, k + 7 = 2*k + m. Calculate the highest common factor of s and k.
1
Suppose -v = 92 - 278. Calculate the greatest common divisor of 62 and v.
62
Let s = 8 - -46. Let t = 78 + -130. Let p = t + 88. Calculate the highest common divisor of s and p.
18
Suppose 3*o + 3*t - 17 = 4*t, 3*o + t - 25 = 0. Suppose 2*v - 26 = -2*h + o*v, 2*h - 2*v = 14. Calculate the greatest common divisor of 3 and h.
3
Let b = 64 - 78. Let k be 5*(306/110 - b/(-77)). Calculate the highest common factor of 104 and k.
13
Let j be -1 + (283 - -2 - -3). Suppose 3*x + 5*r = 179, r - 26 = -5*x + j. Let a be (-27)/(-6)*(2 + 0). What is the greatest common divisor of a and x?
9
Let o(y) = y**3 - 4*y**2 - 2*y + 2. Let k be o(2). Let p = k + 14. What is the greatest common divisor of p and 16?
4
Let v(s) = s + 9. Let j be v(-6). Suppose 2*u - 3*m - 4 = 0, -40 = -u - j*u - 2*m. Let x = u + 4. What is the greatest common divisor of x and 24?
12
Suppose 3*g + 6*s - 2*s = 119, -4*s = -20. What is the greatest common divisor of g and 176?
11
Let o be (16/48)/((-1)/(-315)). Suppose -n + 2*n = o. Calculate the highest common divisor of n and 15.
15
Let i(t) = -t**3 + 21*t**2 - 37*t - 17. Let k be i(19). What is the greatest common factor of 226 and k?
2
Let f(k) = 46*k - 1. Let w be f(-2). Let u be (-2)/4*(-366)/(3/(-1)). Let s = u - w. Calculate the highest common divisor of 16 and s.
16
Suppose -37 = -3*o + 5*i, 0*o + 3*i = 2*o - 23. Suppose -o*w = -88 - 188. Let l = w - 41. Calculate the greatest common factor of l and 4.
4
Suppose 31*i + 2*i = 2574. What is the highest common factor of 273 and i?
39
Let z be -4 - -7 - 6/2. Suppose z = -5*o + 82 - 17. Suppose -3*a + 17 + o = 0. What is the greatest common divisor of 5 and a?
5
Let b = 13 - 5. Suppose 0 = -3*v + 32 - b. Suppose z + v = 23. Calculate the highest common factor of 105 and z.
15
Suppose -55 = 25*v - 280. Let b(p) = -3*p - 8. Let w(z) = z + 3. Let y(d) = -4*b(d) - 11*w(d). Let s be y(2). What is the greatest common divisor of s and v?
1
Suppose 10*h - 19*h = -810. Calculate the greatest common divisor of h and 306.
18
Let q be (5 - 96/18)/(6/(-234)). Calculate the greatest common divisor of 299 and q.
13
Let w(j) = j**2 - 5*j - 6. Let g be w(-4). Let b = 144 - 99. What is the highest common divisor of g and b?
15
Suppose 5*o - 135 = -4*k, 3*k + 129 = 4*o + 2*k. Let p = -21 + o. What is the highest common factor of p and 25?
5
Let v(z) = -z**2 - 32*z - 239. Let o be v(-13). What is the greatest common divisor of o and 232?
8
Let z(v) = 2*v**2 + 2*v. Let p be z(2). What is the greatest common factor of p and 300?
12
Let u(q) = -2*q + 32. Let s be u(12). Let v be 4 - 30*(-4)/s. What is the greatest common divisor of 19 and v?
19
Let i = -11 + 17. Suppose 5*b - 453 = -3*x, 0 = -x - 4*x + 5*b + 795. Suppose i*p - 9*p = -x. Calculate the greatest common factor of p and 26.
26
Let u be 206/20 + (87/10 - 9). Let y(c) = -c**3 + 5*c**2 - 2*c + 2. Let o be y(2). Suppose 0 - o = -5*t. What is the greatest common divisor of u and t?
2
Suppose 11*g - 60 = 6*g. Calculate the highest common divisor of 4 and g.
4
Let n(a) = -a**3 - 7*a**2 - a + 36. Let i be n(-6). What is the greatest common factor of i and 21?
3
Let a(u) = 2*u**3 - 2*u**2 - 20*u + 153. Let s be a(5). Calculate the highest common factor of 46 and s.
23
Suppose -9*w + 106 = 61. Calculate the highest common factor of w and 190.
5
Suppose -1424*c + 1417*c + 798 = 0. Calculate the greatest common factor of c and 798.
114
Let j be ((-26)/3)/(4 - (-860)/(-210)). Let y = j - 53. What is the highest common divisor of 304 and y?
38
Let z(i) be the third derivative of i**5/5 - i**4/12 - i**3/3 - 5*i**2. Let q be z(-1). Suppose 2*f = -f + 90. What is the greatest common divi